nd derivative of -u**4/12 - 3*u**3/2 - u**2 + 321*u. What is o(-6)?
16
Let d(s) = 24*s**3 + 11*s**2 - 13*s + 2. Let k = 2 - 8. Let g(f) = 12*f**3 + 5*f**2 - 6*f + 1. Let j(h) = k*d(h) + 13*g(h). Let y = 731 - 730. What is j(y)?
12
Let t(d) = 7*d + 2. Let v = 8 - 11. Let m = v + 6. Let x(y) = 8*y + 1. Let j(z) = m*x(z) - 2*t(z). What is j(1)?
9
Let u(f) be the first derivative of f**7/840 - f**6/180 - f**5/40 + f**4/8 + 40*f**3/3 - 4. Let m(t) be the third derivative of u(t). Determine m(2).
-3
Let c(p) = p**3 + 6*p**2 + 4*p + 5. Let h(d) = -d**3 + 34*d**2 - 4. Let b be h(34). What is c(b)?
21
Let v = -35 + 35. Suppose v*n + 5*n = 110. Let z(a) = 46*a**2 - 5*a + 3 - n*a**2 - 25*a**2. Calculate z(-6).
-3
Let a(y) = -y**3 - 5*y**2 - y + 8. Let o be a(-4). Let l(n) = 16*n + 4. Calculate l(o).
-60
Let u = -7 + 9. Let b(w) = -5*w + 5. Determine b(u).
-5
Let p(k) = -4. Let o(r) = r - 5. Suppose 0 = -n + 2*b + 6, 2*n - 4*b = 4*n + 28. Let q(c) = n*p(c) + 3*o(c). Calculate q(-6).
-17
Suppose 0*d = -6*d - 18. Let i be 18/d + (-1 - 0). Let r(y) = y**2 + 7*y - 1. Let j be r(i). Let b(f) = 9*f**3 - 1. Determine b(j).
-10
Let o(f) = -6*f + 12. Let k be o(-1). Let c(m) = -m**3 + 17*m**2 + 17*m + 21. What is c(k)?
3
Let x(w) = w - 1. Let f(r) be the third derivative of 0 - 2*r**2 - 1/60*r**5 + 0*r - 1/4*r**4 - 7/6*r**3. Let z be f(-4). Give x(z).
0
Let t(f) = -f**3 + 6*f**2 - 5. Let o be t(6). Let z(q) = -q + 1. Let n be z(o). Let h(j) = -2*j + 8 + j**3 + n*j**2 - 11 + 0*j**3. Give h(-6).
9
Let o(d) = 9*d + 0*d + 2*d + 5 + d**2 - 8*d. Determine o(-2).
3
Let m(l) = 24*l**3 - 13*l**2 - 6*l - 5. Let n(w) = -8*w**3 + 5*w**2 + 2*w + 2. Let o(t) = 3*m(t) + 8*n(t). Let x = -22 - -23. What is o(x)?
8
Let o(n) = -29*n + 1. Let f(b) = 36*b - 2. Let c(p) = -4*f(p) - 5*o(p). Let k(t) = -t**3 - 5*t**2 + 7*t - 1. Let a be k(-6). What is c(a)?
-4
Let a = -30 + 43. Suppose a*o + 25 = 18*o. Let m(c) = -c + 5. What is m(o)?
0
Suppose -42 = -14*y + 28. Suppose y*t - 20 - 15 = -5*l, 5*t = -3*l + 25. Let u(b) = b**3 - 4*b**2 - 4*b - 6. Determine u(l).
-1
Let u(o) = -o + 5. Suppose -w = -4*p - 4*w - 16, 3*p + w + 17 = 0. Let r(q) = -2*q + 9. Let z(f) = p*u(f) + 4*r(f). Let s = -8 - -13. Determine z(s).
-4
Let a(t) = 5*t - 4*t + 0*t - t**2. Suppose 14*v + 78 = 27*v. Let w(f) = 5*f**2 - 3*f. Let q(b) = v*a(b) + w(b). Calculate q(4).
-4
Let k(q) = q + 1. Let m = -84 - -79. What is k(m)?
-4
Suppose -6*f - 10 = -11*f. Let c be f - (-1)/(1/(-3)). Let o(k) = 2*k + 1. Determine o(c).
-1
Suppose -5*t + 6*t = -3*s - 15, 0 = 3*s + 4*t + 15. Let x(l) = l + 11. Calculate x(s).
6
Let f = 1708 + -1701. Let s(z) = -z**3 + 8*z**2 - 8*z - 4. Calculate s(f).
-11
Let j(r) = 2*r + 2. Let b be j(-1). Suppose 0 = -5*u - b + 5. Let k(o) = -21*o - 1. Give k(u).
-22
Let k(j) be the first derivative of -j**6/120 - j**5/15 - j**4/8 + j**3/6 + 5*j**2 + 13. Let v(u) be the second derivative of k(u). What is v(-4)?
13
Suppose 4*j = 2*j. Let x(n) = j*n**3 + n**3 + 6 - 2. Let l be 136/(-85) + (-24)/(-15). What is x(l)?
4
Let i(a) = a**2 - 1 - a - a**2 + a**2 + 2. Let d be (-6)/4*4/(-3). Suppose -g = d*g. Calculate i(g).
1
Let g(p) = -p**2 + 8*p - 6. Let z be g(6). Suppose 4 = 5*b - z. Suppose 0 = -3*u + b + 10. Let m(q) = -3*q + 5. Calculate m(u).
-7
Suppose 7*l - 33 = 3*l + 5*d, 0 = 3*l - 4*d - 26. Let i(r) = -r**2 + 3*r - 2. Determine i(l).
0
Let u(h) = -h + 1. Let y(a) = a**3 + 8*a**2 - 12*a - 3. Let q be y(-9). Suppose 16*p - q = 13*p. Suppose -5*k - 33 = -p. Give u(k).
6
Let s(k) = -3 - 1143*k - 2*k**2 + 1153*k + 4*k**2 - k**2. Determine s(-12).
21
Let x(w) = -1 + 0*w - w**2 - 3*w + w + 3*w**2. Let h(b) = b**3 + 3*b**2 + 14*b - 16. Let v be h(1). Determine x(v).
3
Let c = 8 - 3. Let x(p) = -p**2 + 5*p - 6. Let h(f) = -f**2 + 16*f - 6. Let g(i) = i. Let u(v) = -22*g(v) + 2*h(v). Let n(a) = -3*u(a) + 5*x(a). Give n(c).
6
Let y(v) = -4*v - v**3 + 5*v**2 + 3*v + 3 + 2. Let g(m) = m**3 - 8*m**2 - 155*m - 13. Let r be g(-9). What is y(r)?
0
Suppose -4*l = 2*c + 86, 5*l - 1 = 4. Let r = 49 + c. Let p(n) = -1 + 4 - 3*n - 1. Calculate p(r).
-10
Let y = -49 - -39. Let g = y + 14. Let c(r) = -r**2 + 6*r - 3. Calculate c(g).
5
Let u(f) = -f**3 - 2*f**2 + 4*f + 4. Let o be u(-4). Suppose o = 5*t - x, -t - 14 = t + 4*x. Suppose -t = 2*j + 3. Let r(y) = y**3 + 2*y**2 + 1. What is r(j)?
-8
Let b(x) be the third derivative of -x**4/24 + 4*x**3/3 - 2*x**2 - 9. Determine b(8).
0
Let h = 10 + -5. Let c(w) = -3*w - 10 + 19 - 2. Give c(h).
-8
Let n(j) = 2 + 0 + 10*j**2 - 85*j + 3 - 88*j + 182*j + j**3. Give n(-9).
5
Let z(k) = 2*k - 3. Suppose 3*v + 1766 = 1751. What is z(v)?
-13
Let x(n) be the third derivative of -1/30*n**5 - 1/8*n**4 + 0 - n**2 + 0*n + 0*n**3. Let v be 1 + (56/12 - 4)*-6. Determine x(v).
-9
Let o(q) = q + 3. Let j be o(-2). Let f(k) = 456*k - 262*k - 197*k. Determine f(j).
-3
Let d(p) be the first derivative of -4*p**2 - p + 17 - 1/3*p**3. Give d(-5).
14
Let d = -16 + 21. Let f(c) = -2 + d*c + 0*c**2 + 0*c**3 + 4 - c**3 - 5*c**2. Give f(-6).
8
Let y(o) = 2*o - 6. Suppose -3*p + 4*d - 9*d = -4, -3*d - 18 = -5*p. Give y(p).
0
Let t(w) = 12*w + 4. Let u(j) = -2*j - 1. Let r(d) = t(d) + 5*u(d). Let s be 2 - 1 - (-1 - -3). Let m be s + ((-4)/(-2))/(-2). Give r(m).
-5
Let k be (-3 - 7/((-63)/24))*-9. Let x(h) = 13*h**2 - 3 - 4*h**2 - h**3 - 6*h**2 - h. Give x(k).
-6
Suppose 3*k - 12 = -3. Suppose k*g - 5*d = 67, 2*g - 5*d - 53 = -0*g. Let m(l) = -g + l**2 + 30 - 17. Give m(2).
3
Suppose 0 = -33*m + 2*m - 217. Let v(i) = -i**3 - 6*i**2 + 6*i - 13. Determine v(m).
-6
Let c(t) = -t**3 - 2*t**2 + t + 1. Suppose 7 = -0*n + 7*n. Let v = -1 + 5. Let b be (v - 7)*1 + n. Calculate c(b).
-1
Let d(q) = -q**2 + 7*q + 8. Let x be (-2 - (-1 + -3))*70/14. Calculate d(x).
-22
Let s(r) = r**2 + 5*r - 6. Let y(c) = 2*c - 27. Let d be y(17). Let q be (60/(-35))/6 + (-33)/d. What is s(q)?
-6
Let b(l) = l**2 + 3*l + 93. Let d(a) = 2*a**2 + 10*a + 263. Let i(c) = 17*b(c) - 6*d(c). Calculate i(2).
5
Let h(z) = 8 - 1 - 8*z - 19 - z**2. Calculate h(-8).
-12
Let q(d) = 3*d**2 + 3*d + 2. Let j be (6/3 - -3 - 3)/(-1). Calculate q(j).
8
Suppose -4*q = -4*w + 36, -12*q - 10 = -17*q. Let l(r) = r**3 - 10*r**2 - 13*r + 21. Determine l(w).
-1
Let b(y) = y**3 - 6*y**2 - y + 1. Suppose -1 = 33*o - 199. Calculate b(o).
-5
Let j(k) = k**2 + 1. Let q(h) = 2*h**2 + 4*h + 1. Let d(v) = j(v) + q(v). Suppose -l + 3*i - 2*i + 6 = 0, 0 = 4*l + 2*i. Let p = l + -4. Determine d(p).
6
Let x(s) = -s**2 + s + 1. Let d(m) = 4*m**2 - m - 3. Let l(z) = -d(z) - 5*x(z). Calculate l(4).
-2
Let s(i) = 297*i**2 - 2*i + i**3 - 156*i**2 - 151*i**2 + 9. What is s(10)?
-11
Let w(f) = -19*f**2 - 8*f + 58*f**3 - 9 - 145*f**3 + 89*f**3. Calculate w(10).
11
Let r(s) = s**3 + 3*s**2 + 2*s + 1. Let c be r(-2). Let t(u) = -15*u - 7. Let g(x) = -7*x - 3. Let w(h) = 9*g(h) - 4*t(h). Determine w(c).
-2
Let r(c) = -c - 1. Let o(v) = -5*v + 1. Let a(i) = -o(i) + 6*r(i). Suppose 4*w = 3*f + 237, 4*w = 8*f - 4*f + 316. Let x = f - -79. Give a(x).
-7
Let l(n) = -8 - n**2 + 7 - 2*n + 3*n. Let y(w) = -5*w. Let u(s) = l(s) - y(s). Give u(6).
-1
Suppose 20 = a - 3*t - t, -5*a + 4*t = -52. Suppose -6*p + a*p = 0. Suppose 0 = 2*l, -2*w + p*w + 14 = 5*l. Let r(x) = x - 4. What is r(w)?
3
Let r(a) be the third derivative of -7*a**4/24 + 5*a**3/6 + 28*a**2 + 5*a. Calculate r(3).
-16
Let i(h) = -1 - h + 6*h - h. Let y be (32/(-10))/((-714)/(-175) + -4). Let k be (y/(-24) - 1) + (-4)/(-3). Determine i(k).
7
Let d(s) = -s**3 - 6*s**2 - 7. Let r(u) = -2*u**3 - 2*u**2 - 2*u. Let t be r(-1). Suppose 3*l - t = -20. Give d(l).
-7
Let x(s) = -5*s - 42. Suppose -33*n = -23*n + 90. Determine x(n).
3
Let m(d) = 3*d**3 + 3*d**2 - 5*d + 2. Let k be m(2). Let z be 6/(-8)*-4 - k. Let v = -20 - z. Let a(o) = -o + 8. Give a(v).
3
Let y(b) = -b**2 + 3*b - 1. Suppose -j + 60 = 2*j. Suppose n + 15 = -5*w - 1, -2*n + 3*w + j = 0. Give y(n).
-5
Suppose m + 3*u = 5*m - 248, 4*u = -4*m + 220. Suppose 0 = 6*c - 5 + m. Let a(l) = -l**2 - 10*l - 11. Give a(c).
-2
Let y(a) = a**3 + 4*a**2 - 3*a + 2. Let p(m) = m**2 - 6*m - 5. Let j(k) = -4*k - 18. Let b be j(-6). Let q be p(b). What is y(q)?
-8
Suppose 3*f - 2*t = 13 + 22, 0 = f - 3*t. Let r(c) = 13 - c - c - f. Calculate r(3).
-8
Let p(w) = w**2 - 16*w - 15. Suppose 0 = 7